+ 22. What is s(15)?
7
Let y(z) = z**2 + 8*z - 4. Determine y(-10).
16
Let i(z) = -z**3 + 7*z**2 + z - 6. Determine i(7).
1
Let a(n) = n**2 - 2*n - 20. Calculate a(-7).
43
Let f(w) = -2*w + 2. Calculate f(3).
-4
Let d(z) = -z + 34. What is d(0)?
34
Let l(t) = 23*t - 1. Determine l(-2).
-47
Let m(w) = -w**2 - 8*w - 11. What is m(-6)?
1
Let w(j) = 5*j**2 + 29*j - 1. Calculate w(-6).
5
Let n(r) = r**2 - 2. What is n(-4)?
14
Let p(t) = -54*t**3 + t**2 + t - 1. Give p(1).
-53
Let a(i) = 4*i**2 - 93. Calculate a(5).
7
Let t(w) = w**2 - 14*w + 16. Calculate t(13).
3
Let v(f) = -2*f + 10. Determine v(0).
10
Let n(h) = h**3 + h**2 - h - 10. Give n(0).
-10
Let g(h) = h**2 - 11*h + 13. Calculate g(6).
-17
Let j(f) = -f**3 + 6*f**2 - 7*f + 7. What is j(5)?
-3
Let l(p) = -p**3 + 4*p**2 - 5. Give l(2).
3
Let l(a) = a**3 - 18*a**2 + 4. Calculate l(18).
4
Let x(t) = -2*t**2 - 8*t - 12. What is x(-3)?
-6
Let o(y) = y + 13. Give o(-13).
0
Let t(k) = -k + 2. Give t(2).
0
Let a(w) = -2*w + 16. Give a(8).
0
Let x(m) = -22*m - 37. Give x(-2).
7
Let a(r) = -r**3 - 22*r**2 + 27*r + 66. Calculate a(-23).
-26
Let n(d) = d**2 + 17*d + 80. Determine n(-13).
28
Let o(p) = p**2 - 14*p - 16. Give o(15).
-1
Let a(l) = -5*l**2 + 17*l + 44. What is a(-2)?
-10
Let g(j) = j**2 + 33*j + 64. Calculate g(-30).
-26
Let b(g) = 12*g - 91. What is b(8)?
5
Let u(b) = 2*b + 13. What is u(-10)?
-7
Let f(z) = -13*z - 1. Determine f(2).
-27
Let u(l) = l**3 + 9*l**2 + 19*l + 10. Determine u(-6).
4
Let m(z) = -143*z**3 - z**2 - z + 3. Give m(1).
-142
Let n(j) = -j**3 + 13*j**2 - 7*j + 103. Calculate n(13).
12
Let f(r) = r**2 - 3*r - 4. Determine f(3).
-4
Let h(i) = -i**2 + 8*i - 11. Determine h(6).
1
Let s(w) = 7*w - 8. What is s(5)?
27
Let x(i) = -i**2 + 5*i + 2. What is x(0)?
2
Let f(o) = o**3 + 7*o**2 + 4*o - 3. Determine f(-6).
9
Let b(i) = -2*i**2 + 10*i - 8. What is b(6)?
-20
Let t(k) = k**2 - k - 5. What is t(-3)?
7
Let q(m) = m**3 + 37*m**2 + 106*m + 132. Give q(-34).
-4
Let u(g) = 14*g - 13. Give u(5).
57
Let s(k) = -18*k + 111. Determine s(6).
3
Let k(j) = -j**3 - 9*j**2 + 2*j + 12. Give k(-9).
-6
Let k(n) = -n**3 + 7*n**2. Give k(3).
36
Let v(z) = -17*z. What is v(3)?
-51
Let f(x) = -x**2 + 10*x - 24. Give f(7).
-3
Let x(i) = -i**3 + 7*i**2 - 6*i + 46. What is x(7)?
4
Let a(p) = p**3 + 9*p**2 + 4*p - 8. What is a(-8)?
24
Let r(b) = -b**3 - 17*b**2 + 87*b + 45. Calculate r(-21).
-18
Let l(z) = -z**3 - 10*z**2 + z + 9. Determine l(-10).
-1
Let v(k) = -k**3 + 4*k**2 - k + 1. Give v(3).
7
Let r(j) = j**3 - 9*j**2 + 2*j - 13. Give r(10).
107
Let g(z) = -2*z + 6. Give g(6).
-6
Let m(y) = y**3 + 11*y**2 + 7*y + 27. Calculate m(-10).
57
Let r(a) = -8*a - 31. What is r(-5)?
9
Let z(a) = a + 77. Determine z(-25).
52
Let i(h) = 9*h + 1. Determine i(-2).
-17
Let h(m) = 24*m**2 + 2*m - 2. What is h(1)?
24
Let c(g) = -g**2 - 7*g + 20. Determine c(-10).
-10
Let y(r) = 12*r**3 - 2*r**2 - 4*r - 2. Give y(-1).
-12
Let q(d) = d**3 - 13*d**2 - 13*d - 28. Give q(14).
-14
Let w(t) = -2*t**2 - 2*t + 4. Determine w(-6).
-56
Let f(x) = -10*x + 49. Calculate f(5).
-1
Let x(k) = 22*k + 2. Give x(-1).
-20
Let m(u) = -u**3 + 21*u**2 - 18*u - 37. Give m(20).
3
Let w(x) = x**3 + 6*x**2 - 4*x - 52. Give w(-6).
-28
Let d(z) = -z. Calculate d(-6).
6
Let j(r) = -r - 36. Calculate j(-19).
-17
Let d(f) = 30*f + 2. Calculate d(-1).
-28
Let c(f) = -53*f**3 - 2*f**2 - 1. Calculate c(1).
-56
Let n(c) = c**2 + 15*c - 59. Calculate n(-18).
-5
Let a(y) = 3*y**2 + 6*y. Give a(-4).
24
Let c(k) = -2*k**2 + 25*k - 13. What is c(12)?
-1
Let v(n) = -n**2 + n - 10. Give v(9).
-82
Let w(g) = -3*g**2 - 35*g - 28. Determine w(-11).
-6
Let m(l) = l**2 + 22*l + 18. Determine m(-21).
-3
Let b(d) = 28*d - 145. Calculate b(5).
-5
Let g(h) = h**3 - 2*h**2 - h. Calculate g(-2).
-14
Let r(m) = -m**3 - 2*m**2 - 3*m - 3. Give r(0).
-3
Let u(t) = 3*t - 52. Calculate u(16).
-4
Let r(a) = a**3 + 5*a**2 + a + 12. Determine r(-6).
-30
Let x(j) = 2*j**3 + 8*j**2 + 4*j + 4. What is x(-3)?
10
Let l(q) = -18*q - 19. Determine l(-1).
-1
Let y(o) = 2*o**2 - 6*o - 28. What is y(5)?
-8
Let z(p) = 5*p**2 - p + 1. Determine z(-2).
23
Let b(l) = 9*l**2 - 16*l + 15. What is b(1)?
8
Let t(u) = -22*u + 211. Calculate t(10).
-9
Let d(g) = -g**3 + 4*g**2 - 3*g + 25. What is d(5)?
-15
Let s(r) = 2*r**3 - 22*r**2 + 23*r - 25. What is s(10)?
5
Let b(x) = 8*x. Determine b(-1).
-8
Let i(m) = -4*m**3 - 4*m - 3. What is i(-1)?
5
Let a(g) = -g**2 - 28*g + 19. Determine a(-24).
115
Let d(v) = v**2 + 5*v - 10. What is d(-4)?
-14
Let b(h) = h**3 + 4*h**2 + 3*h + 3. Determine b(-2).
5
Let w(i) = -i**3 - 4*i**2 + 3*i - 2. What is w(-5)?
8
Let y(i) = -56*i + 609. Give y(11).
-7
Let k(u) = -2*u - 8. Determine k(-5).
2
Let u(s) = -s**3 + 10*s**2 - s + 28. Calculate u(10).
18
Let t(a) = -a + 38. Give t(0).
38
Let x(l) = l**3 + l**2 + 2*l - 2. Give x(2).
14
Let w(z) = z - 2. Calculate w(2).
0
Let s(t) = t**3 + 3*t**2 - 1. What is s(-2)?
3
Let r(b) = 2*b**2 + 9*b - 7. What is r(-5)?
-2
Let c(a) = -9*a - 11. Determine c(-2).
7
Let v(t) = t**2 - 23*t + 12. What is v(17)?
-90
Let k(h) = -h**2 - 17*h - 31. Give k(-2).
-1
Let q(h) = h**2 + 9*h - 6. Calculate q(-9).
-6
Let r(n) = -n**3 + 15*n**2 - 9*n - 16. What is r(14)?
54
Let w(r) = 51*r - 10. Give w(-4).
-214
Let l(a) = 12*a + 153. What is l(-10)?
33
Let s(r) = -2*r**3 - 19*r**2 - 12*r - 6. What is s(-9)?
21
Let i(s) = s**2 - 26*s - 194. What is i(-6)?
-2
Let x(c) = -2*c**2 - 28*c + 32. Determine x(-13).
58
Let p(f) = -f**3 - 9*f**2 - 9*f - 6. Give p(-8).
2
Let l(z) = 2*z**3 + 4*z**2 - 3*z - 3. Calculate l(-4).
-55
Let j(m) = 2*m - 2. What is j(-12)?
-26
Let l(v) = -v**3 + 7*v**2 - 6*v - 2. Determine l(6).
-2
Let m(i) = i**3 - 19*i**2 + 45*i + 43. Give m(16).
-5
Let b(o) = 3*o**2 + 3*o + 9. Calculate b(5).
99
Let q(d) = -d**2 + 8*d - 9. Give q(9).
-18
Let z(j) = -13*j + 3. Calculate z(4).
-49
Let s(g) = 2*g**3 + 15*g**2 - 6*g - 16. What is s(-7)?
75
Let h(x) = x**2 - 11*x + 12. Give h(6).
-18
Let g(v) = -3*v**3 - 25*v**2 - 8*v + 5. What is g(-8)?
5
Let i(r) = -r**2 - 4*r. Determine i(-4).
0
Let o(l) = l**2 - 21*l + 18. Calculate o(17).
-50
Let s(z) = -z**2 + 15*z + 33. What is s(17)?
-1
Let o(u) = 2*u**3 - 18*u**2 - 4*u + 28. Calculate o(9).
-8
Let u(m) = m**2 + 2*m - 88. Give u(-10).
-8
Let c(l) = 20*l + 2. What is c(1)?
22
Let r(h) = 2*h**3 - 17*h**2 - 9*h - 11. Calculate r(9).
-11
Let s(m) = -2*m**3 + 17*m**2 - 27*m + 3. What is s(7)?
-39
Let s(b) = -2*b + 63. Calculate s(15).
33
Let a(y) = -2*y**3 - 14*y**2 - 2*y - 3. What is a(-7)?
11
Let c(u) = u**3 + 6*u**2 - 4*u + 10. Give c(-7).
-11
Let n(k) = k**2 - 18*k - 15. What is n(18)?
-15
Let d(z) = -2*z**3 - 10*z**2 - 6*z + 12. Calculate d(-6).
120
Let f(i) = 6*i + 189. Calculate f(-30).
9
Let y(u) = -u**2 - 6*u + 2. What is y(-6)?
2
Let i(t) = -3*t - 1. Calculate i(5).
-16
Let q(x) = -x**2 + 17*x - 6. Give q(12).
54
Let c(n) = -n**3 + 3*n - 4. Determine c(3).
-22
Let y(g) = -2*g**2 - 25*g - 31. What is y(-11)?
2
Let n(v) = -v**2 - 6*v + 1. Determine n(-6).
1
Let d(p) = 2*p**2 + 26*p - 34. What is d(-16)?
62
Let w(c) = 3*c**2 + 5*c. What is w(-3)?
12
Let c(l) = 2*l**2 - 40*l - 11. Give c(0).
-11
Let y(v) = -19*v + 2. Determine y(-1).
21
Let v(u) = u**2 + 53*u - 347. Give v(6).
7
Let z(y) = -y**2 - 11*y + 8. Give z(-16).
-72
Let v(x) = 28*x + 10. Calculate v(-5).
-130
Let g(o) = o + 3. Calculate g(0).
3
Let o(j) = -j**2 - 14*j + 15. What is o(0)?
15
Let q(b) = 12*b - 36. Calculate q(4).
12
Let i(q) = -5*q**2 - q - 1. Give i(-2).
-19
Let k(g) = -6*g**2 - g. What is k(2)?
-26
Let w(l) = -l**2 - l + 12. What is w(-5)?
-8
Let d(b) = -5*b + 60. Give d(15).
-15
Let a(w) = 12*w - 4. What is a(-2)?
-28
Let f(b) = -5*b**2 + b. Give f(1).
-4
Let a(w) = -w**2 - 13*w - 18. Determine a(-12).
-6
Let y(u) = 33*u**3 - u + 1. Give y(1).
33
Let o(u) = 3*u**3 - u**2 - u - 1. Calculate o(-1).
-4
Let k(z) = -z**2 - 30*z - 4. Determine k(-30).
-4
Let f(l) = -l - 12. Determine f(-10).
-2
Let q(m) = -26*m + 591. Determine q(23).
-7
Let x(z) = 3*z**2 + 88*z + 11. Determine x(-29).
-18
Let q(d) = -6*d - 185. Calculate q(-34).
19
Let n(w) = w**3 + 9*w**2 + 10*w - 8. Determine n(-6).
40
Let b(z) = 3*z**2 + 34. Calculate b(6).
142
Let j(p) = p**3 + 4*p**2 + 3*p + 5. Calculate j(-3).
5
Let l(w) = -43*w + 289. 